5?
5
What is the hundreds digit of 9123?
1
What is the units digit of 1551?
1
What is the tens digit of 2777?
7
What is the tens digit of 863?
6
What is the ten thousands digit of 27492?
2
What is the thousands digit of 11451?
1
What is the thousands digit of 14389?
4
What is the units digit of 170?
0
What is the tens digit of 85604?
0
What is the thousands digit of 6237?
6
What is the units digit of 331?
1
What is the hundreds digit of 498?
4
What is the tens digit of 279?
7
What is the thousands digit of 1312?
1
What is the hundreds digit of 2728?
7
What is the hundreds digit of 7469?
4
What is the tens digit of 5028?
2
What is the thousands digit of 3403?
3
What is the thousands digit of 2457?
2
What is the thousands digit of 10140?
0
What is the ten thousands digit of 64375?
6
What is the tens digit of 887?
8
What is the tens digit of 35183?
8
What is the hundreds digit of 13542?
5
What is the hundreds digit of 207?
2
What is the thousands digit of 104493?
4
What is the hundreds digit of 402?
4
What is the units digit of 7520?
0
What is the thousands digit of 36242?
6
What is the tens digit of 24123?
2
What is the tens digit of 4740?
4
What is the thousands digit of 25330?
5
What is the tens digit of 3794?
9
What is the tens digit of 1422?
2
What is the ten thousands digit of 16085?
1
What is the hundreds digit of 163993?
9
What is the hundreds digit of 1362?
3
What is the thousands digit of 27727?
7
What is the thousands digit of 9913?
9
What is the hundreds digit of 1491?
4
What is the hundreds digit of 423?
4
What is the hundreds digit of 17596?
5
What is the units digit of 90586?
6
What is the hundreds digit of 505?
5
What is the hundreds digit of 1681?
6
What is the tens digit of 629?
2
What is the thousands digit of 1452?
1
What is the thousands digit of 1051?
1
What is the hundreds digit of 686?
6
What is the ten thousands digit of 33979?
3
What is the units digit of 2044?
4
What is the ten thousands digit of 55804?
5
What is the thousands digit of 1015?
1
What is the units digit of 1?
1
What is the thousands digit of 1015?
1
What is the units digit of 1633?
3
What is the units digit of 97?
7
What is the thousands digit of 11024?
1
What is the tens digit of 609?
0
What is the ten thousands digit of 16159?
1
What is the thousands digit of 1730?
1
What is the units digit of 4386?
6
What is the thousands digit of 2278?
2
What is the tens digit of 9819?
1
What is the units digit of 666?
6
What is the thousands digit of 8555?
8
What is the hundreds digit of 47563?
5
What is the ten thousands digit of 18032?
1
What is the thousands digit of 4749?
4
What is the tens digit of 13304?
0
What is the tens digit of 6928?
2
What is the tens digit of 639?
3
What is the hundreds digit of 13486?
4
What is the hundreds digit of 3296?
2
What is the thousands digit of 23486?
3
What is the tens digit of 25659?
5
What is the thousands digit of 1696?
1
What is the hundred thousands digit of 109579?
1
What is the tens digit of 32390?
9
What is the hundreds digit of 1409?
4
What is the thousands digit of 3979?
3
What is the hundreds digit of 1137?
1
What is the units digit of 698?
8
What is the hundred thousands digit of 113021?
1
What is the units digit of 8?
8
What is the hundreds digit of 2747?
7
What is the thousands digit of 2011?
2
What is the ten thousands digit of 16765?
1
What is the thousands digit of 3543?
3
What is the units digit of 960?
0
What is the thousands digit of 9419?
9
What is the hundred thousands digit of 101068?
1
What is the thousands digit of 20702?
0
What is the thousands digit of 2796?
2
What is the tens digit of 1069?
6
What is the units digit of 3940?
0
What is the units digit of 31544?
4
What is the tens digit of 898?
9
What is the tens digit of 841?
4
What is the hundreds digit of 20596?
5
What is the hundreds digit of 269?
2
What is the thousands digit of 1515?
1
What is the units digit of 1858?
8
What is the hundreds digit of 4253?
2
What is the tens digit of 3746?
4
What is the thousands digit of 54495?
4
What is the units digit of 906?
6
What is the ten thousands digit of 115376?
1
What is the units digit of 6552?
2
What is the units digit of 68752?
2
What is the ten thousands digit of 31426?
3
What is the hundreds digit of 7295?
2
What is the units digit of 120?
0
What is the units digit of 1713?
3
What is the hundreds digit of 9962?
9
What is the tens digit of 4537?
3
What is the thousands digit of 9357?
9
What is the units digit of 1026?
6
What is the thousands digit of 83009?
3
What is the thousands digit of 7201?
7
What is the units digit of 54936?
6
What is the tens digit of 1716?
1
What is the units digit of 125?
5
What is the thousands digit of 2888?
2
What is the ten thousands digit of 12283?
1
What is the units digit of 15?
5
What is the hundreds digit of 4761?
7
What is the hundreds digit of 2556?
5
What is the hundreds digit of 8019?
0
What is the tens digit of 20939?
3
What is the tens digit of 2699?
9
What is the hundreds digit of 752?
7
What is the tens digit of 1595?
9
What is the thousands digit of 93522?
3
What is the units digit of 3482?
2
What is the thousands digit of 4265?
4
What is the thousands digit of 15753?
5
What is the ten thousands digit of 64266?
6
What is the tens digit of 41364?
6
What is the hundreds digit of 921?
9
What is the hundreds digit of 10187?
1
What is the thousands digit of 14671?
4
What is the units digit of 1183?
3
What is the hundreds digit of 4592?
5
What is the tens digit of 26636?
3
What is the hundreds digit of 42851?
8
What is the ten thousands digit of 23517?
2
What is the hundreds digit of 980?
9
What is the tens digit of 664?
6
What is the tens digit of 8581?
8
What is the hundreds digit of 20214?
2
What is the tens digit of 1022?
2
What is the thousands digit of 5240?
5
What is the tens digit of 72?
7
What is the units digit of 10688?
8
What is the units digit of 33?
3
What is the units digit of 812?
2
What is the hundreds digit of 2262?
2
What is the hundreds digit of 7754?
7
What is the thousands digit of 1929?
1
What is the thousands digit of 12092?
2
What is the thousands digit of 34604?
4
What is the thousands digit of 3851?
3
What is the thousands digit of 68791?
8
What is the units digit of 402?
2
What is the units digit of 1357?
7
What is the thousands digit of 8689?
8
What is the hundreds digit of 5909?
9
What is the units digit of 1456?
6
What is the hundreds digit of 3855?
8
What is the units digit of 367?
7
What is the thousands digit of 12730?
2
What is the thousands digit of 3435?
3
What is the units digit of 1057?
7
What is the units digit of 38744?
4
What is the tens digit of 12762?
6
What is the ten thousands digit of 89726?
8
What is the tens digit of 11772?
7
What is the tens digit of 9241?
4
What is the thousands digit of 60696?
0
What is the thousands digit of 6185?
6
What is the units digit of 91512?
2
What is the tens digit of 1193?
9
What is the thousands digit of 15680?
5
What is the ten thousands digit of 82133?
8
What is the thousands digit of 76325?
6
What is the thousands digit of 57012?
7
What is the hundreds digit of 1673?
6
What is the hundreds digit of 134?
1
What is the tens digit of 35925?
2
What is the ten thousands digit of 88857?
8
What is the tens digit of 7745?
4
What is the tens digit of 13728?
2
What is the ten thousands digit of 98829?
9
What is the tens digit of 21611?
1
What is the thousands digit of 44313?
4
What is the ten thousands digit of 59047?
5
What is the units digit of 61933?
3
What is the hundreds digit of 4241?
2
What is the thousands digit of 7427?
7
What is the hundreds digit of 37053?
0
What is the tens digit of 706?
0
What is the tens digit of 84722?
2
What is the ten thousands digit of 21619?
2
What is the tens digit of 266?
6
What is the tens digit of 1285?
8
What is the ten thousands digit of 19012?
1
What is the hundreds digit of 5819?
8
What is the hundreds digit of 9624?
6
What is the hundreds digit of 7248?
2
What is the units digit of 382?
2
What is the ten thousands digit of 13441?
1
What is the units digit of 1023?
3
What is the ten thousands digit of 10469?
1
What is the thousands digit of 22728?
2
What is the hundreds digit of 1532?
5
What is the units digit of 15424?
4
What is the thousa